, 31
Let c(j) = j + 1 + 2 + 3*j + 2*j**2. What are the prime factors of c(-2)?
3
Suppose -y + 0*y + 29 = -l, y = -5*l + 11. List the prime factors of y.
2, 13
Let s = 9 - 9. Suppose 5*i + 1 - 6 = s. Let n = i + 3. List the prime factors of n.
2
Let u(f) = -f**3 + 8*f**2 + 3*f - 2. Suppose 2 = 2*x + 4*l - 18, 0 = -x + 5*l + 3. What are the prime factors of u(x)?
2, 11
Let v be 1 + 2 + (1 - -3). Suppose -1 - 7 = -2*x - 5*b, -2*b = 2*x - 8. Suppose 5*l = -2*d + x*d - 11, -v = -4*d - 5*l. What are the prime factors of d?
3
Let a be 1 + 4/8*10. Suppose -4*w = -5*d + 27, -a = -5*d + d - 2*w. What are the prime factors of d?
3
Suppose 0 = 2*s - t - 3, 7 = s - 3*t + 3. Let c = 7 - s. Suppose -3*n = -c*n + 15. List the prime factors of n.
5
Let z(d) = -d**3 - 5*d**2 - 5*d - 4. Let n be z(-4). Suppose 2*w = y - 0*w - 8, -y + 4 = -w. List the prime factors of 2/(n - -1 - y).
2
Let t be (-2)/(-13) - (-8)/(-52). Suppose -7*f + 2*f + 135 = t. List the prime factors of f.
3
Let o(j) = j**2 - 9*j - 4. Let l be o(10). Let m(a) = -a**3 + 7*a**2 - a - 6. List the prime factors of m(l).
2, 3
Let t be 5/(-15) - 115/(-3). Suppose 2*z - 5*r = t - 3, 2*z + 3*r = 11. List the prime factors of z.
2, 5
Suppose -a + 3 + 6 = 0. Suppose r + 3*o + a = -0*r, 0 = 5*r + 4*o + 1. Suppose 3*g - 51 = -r*x, g - 7 - 12 = -2*x. List the prime factors of g.
3, 5
Let b(v) = 2*v - 10. Let f be b(7). Suppose -3*i - t + 62 = i, 3*t + 54 = f*i. What are the prime factors of i?
3, 5
Suppose -3*j + 5*l = -31, 2*l + 15 = -l. List the prime factors of (24/8)/(j/2).
3
Suppose -4*w - 5*i = -147, -2*w + 3*i + 101 = -0*w. Let v = 75 - w. What are the prime factors of v?
2
Suppose 6 = -3*a + 54. Suppose -21 = 2*s + 5*f, 2*s + a = -0*s - 4*f. Suppose -w + 23 = -4*y, -s*w + 0*y = y - 19. List the prime factors of w.
11
Suppose -9*p + 8*p = -6. List the prime factors of p.
2, 3
Let i = -267 + 430. What are the prime factors of i?
163
Let r be 3 + -2 + (-8)/1. Let z(x) = -4*x + 1. What are the prime factors of z(r)?
29
Let l = 92 - -53. List the prime factors of l.
5, 29
Let b = -4 - -7. Let p(d) = -2*d + 3*d + 9 - b + 0*d. List the prime factors of p(5).
11
Suppose -5*a - 5*o = -110, -4*o - 12 = -a - 0*o. Let l = a + -14. What are the prime factors of l?
2, 3
Suppose y - 2*v - 206 = 0, -611 - 419 = -5*y - 3*v. List the prime factors of y.
2, 103
Suppose -4*s + j = -j - 246, -4*j - 44 = -s. Suppose -4*l + y + 2*y + s = 0, 4*y = 3*l - 55. What are the prime factors of l?
13
Let d(b) be the second derivative of b**4/6 - 3*b. What are the prime factors of d(-3)?
2, 3
Let u(q) be the second derivative of q**7/1260 - q**6/360 - q**4/12 - 2*q. Let w(l) be the third derivative of u(l). What are the prime factors of w(-2)?
2, 3
List the prime factors of 8/(-3)*(-1860)/80.
2, 31
Suppose 1 = 2*l - 89. What are the prime factors of l?
3, 5
Suppose 3*f + 3 = -3*p, -2*f - 2*p - 2*p = 10. Suppose f = 2*l - 9. What are the prime factors of l?
2, 3
Suppose 0 = 2*p - 2, -122 = -y - 0*y - 2*p. Suppose 0 = 10*x - 5*x - y. What are the prime factors of x?
2, 3
Let g be (0/4)/(2 - 0). Suppose -5*y + 3*y + 12 = g. List the prime factors of y.
2, 3
Suppose -5*y = 5*p - 2*y - 116, -100 = -5*p + 5*y. What are the prime factors of p?
2, 11
Let a = 11 - 7. List the prime factors of 16/(-6)*(-6)/a.
2
Let c be -25 + (-2 - -5) + 1. List the prime factors of (-4)/(-14) - 204/c.
2, 5
Suppose -2*m = m + 18. Let n = m - -10. List the prime factors of n.
2
Let y(k) = -4*k**3 - k**2 - k. Let l be y(-1). Suppose r = 5*a + 36, 12 = -l*a + 5*r - 0*r. Let m = a + 20. List the prime factors of m.
2, 3
Let o = 104 - 2. List the prime factors of o.
2, 3, 17
Suppose 2*j + 3*b + 9 = 0, 4*j + 6 + 14 = -4*b. Let k(r) be the second derivative of r**4/12 + 2*r**3/3 + 5*r**2/2 + 9*r. List the prime factors of k(j).
17
Let k(h) = -h**2 - 4*h. Let m be k(-3). Suppose -f + 20 = -s + m*f, f - 5 = -s. Suppose s = -2*a + 14 + 14. What are the prime factors of a?
2, 7
Suppose -310 = 5*i - 7*i. List the prime factors of i.
5, 31
Let h be (-13)/(-11) - 4/22. Let u(z) = -6*z. Let q be u(h). Let p(w) = w**2 + 4*w - 3. What are the prime factors of p(q)?
3
Suppose 0*b - 52 = -4*b. Let t = 21 - b. List the prime factors of t.
2
Let n = -35 - -162. What are the prime factors of n?
127
Let u be (1 + -1)*3/9. Let o(d) be the third derivative of -d**4/24 + 3*d**3/2 - d**2. What are the prime factors of o(u)?
3
Let h(y) = 9*y**2 + y - 1. Let m be h(-2). Suppose -4*g + g = -m. List the prime factors of g.
11
Let t(q) = -4*q - 2. List the prime factors of t(-5).
2, 3
Let r be 6/10 + (-665)/25. What are the prime factors of r*(-3)/(3 - 0)?
2, 13
Let d(a) = 3*a + 0*a + 0*a + 59*a**2 + 3 - 49*a**2. What are the prime factors of d(-2)?
37
Suppose 0 = 3*d - 3*n - 642, 0 = 2*d + 7*n - 10*n - 429. What are the prime factors of d?
3, 71
Let l(u) = u**2 + u - 4. Let n be 42/15 + 2/10. Suppose -c = n*p - 18, -4*p + 9*p - 28 = -c. What are the prime factors of l(c)?
2
Suppose p = -w + 348, -2*w - w = 5*p - 1052. What are the prime factors of w?
2, 43
Let z = -3 + 5. Let h(a) = -4*a - 3. Let g be h(-4). Suppose -u - g = -z*u. List the prime factors of u.
13
Let g(o) = -o**3 - 8*o**2 - 7*o + 10. Suppose -3*z + 0*z + 30 = 0. Let d = z - 17. List the prime factors of g(d).
2, 5
Let h(i) = i + 10. Let r be h(-14). Let p(n) = -n. List the prime factors of p(r).
2
Let l = -3 + 10. Let d = 3 + l. List the prime factors of (-24)/(-14) + d/35.
2
Suppose -3*l - 66 = -3*i + 255, 4*i - 3*l - 431 = 0. List the prime factors of i.
2, 5, 11
Let i be (-2 - -3)/(1/(-7)). Suppose 3*n = 4*n. What are the prime factors of 0 + -2 - (n + i)?
5
Suppose -3*n = -p - 2*p - 99, n = -p + 31. List the prime factors of n.
2
Let n = 11 + -9. List the prime factors of 34 + n + (-1 - 1).
2, 17
What are the prime factors of 0 - ((0 - -2) + -181)?
179
Let w be 1 - -2 - (-1 + 3). List the prime factors of (-96)/(-9) + w/3.
11
Suppose k + k + 7536 = 0. Let g be k/(-54) - (-4)/18. Suppose 5*t - 20 - g = 0. List the prime factors of t.
2, 3
Suppose -20 = -8*y + 4*y. Suppose y*v = 15, -v = 3*z + 10 - 40. What are the prime factors of z?
3
Let i = -134 + 303. List the prime factors of i.
13
Suppose 0*b = -b. Suppose b = -3*s + 2*s. Let i = 6 + s. List the prime factors of i.
2, 3
Suppose 0 = -5*d + 4*z + 102, -2*d + 40 = -0*d - 2*z. List the prime factors of d.
2, 11
Suppose 4*l - 4*u - 248 = 0, 5*u = 3*l + 6*u - 190. What are the prime factors of l?
3, 7
Let o be (152/57)/(4/6). Suppose 4*b = -3*s + 25, -o*s = -2*s - 2*b - 40. List the prime factors of s.
3, 5
Suppose 2*g + 12 = -2*n, 3*n + g = 2*g - 38. Let r = 10 - n. List the prime factors of r.
3, 7
Let k(j) = 2*j - 4. Let n be k(6). List the prime factors of 326/7 - n/14.
2, 23
Suppose -4*f + 512 = 4*y, 2*y - 352 = -3*f + 7*y. Suppose 0 = -7*o + 3*o + f. What are the prime factors of o?
31
Let f = -22 - -94. List the prime factors of f.
2, 3
Suppose d = 4*g + 16 - 5, 3*d + 5*g + 52 = 0. Let l = 14 + d. Suppose m + l*z = 7 + 2, -4*z - 74 = -5*m. What are the prime factors of m?
2, 7
Let v be 4/6 + 485/15. Let r = -12 + v. What are the prime factors of r?
3, 7
Suppose -4*u = -7*u. Let c = 17 - u. List the prime factors of c.
17
Let k be (2/(-4))/(1/80). Let n = -26 - k. What are the prime factors of n?
2, 7
Let f be 2/2 - -3 - 26. Let x = f - -37. What are the prime factors of x?
3, 5
Suppose -5*s - 19 = 46. List the prime factors of (0 + s)*(-5 + 4).
13
Suppose 5*a = 13 + 2. Let j be (-1)/a + (-1)/(-3). Suppose h + 34 = c + 2*c, -4*c + h + 46 = j. What are the prime factors of c?
2, 3
Let c = 13 - 0. List the prime factors of c.
13
Let d be 6/(-3) + 0 + 14. Let k(w) = w - 9. Let c be k(d). Let f(x) = -x**3 + 5*x**2 - 2*x - 3. What are the prime factors of f(c)?
3
Suppose s - 10 = -3*q - 0*s, 0 = -q - 5*s - 6. Suppose 0 = -q*f + 30 + 18. Suppose 4*x = 2*x + f. List the prime factors of x.
2, 3
Let b = 142 + 46. Let h be (-3)/9 + b/6. Suppose 3*m + 11 - 50 = -3*d, 3*d = -m + h. List the prime factors of d.
3
What are the prime factors of 1 + 5 + -5 - -360?
19
Suppose 3*g - 59 = -4*y + 39, -3*y + 3*g = -84. What are the prime factors of y/(-2)*(-2)/2?
13
Let g = -79 + 118. What are the prime factors of g?
3, 13
Let q(i) = -i**2 - 2*i + 3. Let o be q(-3). Suppose 5*